{"id":3,"date":"2018-06-19T12:18:36","date_gmt":"2018-06-19T10:18:36","guid":{"rendered":"https:\/\/maquettes.oxicat.com\/live-scores\/?page_id=3"},"modified":"2018-06-25T22:48:57","modified_gmt":"2018-06-25T20:48:57","slug":"politique-de-confidentialite","status":"publish","type":"page","link":"https:\/\/demo.oxicat.com\/tennis-live-scores\/politique-de-confidentialite","title":{"rendered":"Politique de confidentialit\u00e9"},"content":{"rendered":"<p>OXICAT s&rsquo;engage \u00e0 prot\u00e9ger votre vie priv\u00e9e. Contactez-nous si vous avez des questions ou des probl\u00e8mes concernant l&rsquo;utilisation de vos donn\u00e9es personnelles, nous nous ferons un plaisir de vous aider.<\/p>\n<p>En utilisant ce site ou \/ et nos services, vous acceptez le traitement de vos donn\u00e9es personnelles tel que d\u00e9crit dans cette politique de confidentialit\u00e9.<\/p>\n<h3>Table des mati\u00e8res<\/h3>\n<ol>\n<li><a href=\"#gdpr-definitions\">D\u00e9finitions<\/a><\/li>\n<li><a href=\"#gdpr-principes\">Principes de protection des donn\u00e9es que nous suivons<\/a><\/li>\n<li><a href=\"#gdpr-rights\">Quels droits avez-vous sur vos donn\u00e9es personnelles ?<\/a><\/li>\n<li><a href=\"#gdpr-information\">Quelles donn\u00e9es personnelles nous recueillons \u00e0 votre sujet ?<\/a><\/li>\n<li><a href=\"#gdpr-processing\">Comment utilisons-nous vos donn\u00e9es personnelles ?<\/a><\/li>\n<li><a href=\"#gdpr-sharing\">Qui d&rsquo;autre a acc\u00e8s \u00e0 vos donn\u00e9es personnelles ?<\/a><\/li>\n<li><a href=\"#gdpr-security\">Comment nous s\u00e9curisons vos donn\u00e9es ?<\/a><\/li>\n<li><a href=\"#gdpr-enfants\">Enfants<\/a><\/li>\n<li><a href=\"#gdpr-cookies\">Informations sur les cookies<\/a><\/li>\n<li><a href=\"#gdpr-forget\">Acc\u00e8s \u00e0 mes informations personnelles \/ Droit \u00e0 l&rsquo;oubli<\/a><\/li>\n<li><a href=\"#gdpr-contact\">Informations de contact<\/a><\/li>\n<li><a href=\"#gdpr-changes\">Modifications<\/a><\/li>\n<\/ol>\n<h3 id=\"gdpr-definitions\">1. Definitions<\/h3>\n<p><strong>Donn\u00e9es personnelles<\/strong>\u00a0\u2013 toute information relative \u00e0 une personne physique identifi\u00e9e ou identifiable.<br \/>\n<strong>Traitement<\/strong>\u00a0\u2013 toute op\u00e9ration ou ensemble d&rsquo;op\u00e9rations effectu\u00e9es sur des donn\u00e9es personnelles ou sur des ensembles de donn\u00e9es personnelles.<br \/>\n<strong>Personne concern\u00e9e<\/strong>\u00a0&#8211; une personne physique dont les donn\u00e9es personnelles sont en cours de traitement.<br \/>\n<strong>Enfant<\/strong> &#8211;\u00a0une personne physique de moins de 16 ans.<br \/>\n<strong>Nous \/ nous<\/strong> (en capitales ou non)\u00a0\u2013 La soci\u00e9t\u00e9 OXICAT, \u00e9diteur du pr\u00e9sent site internet.<\/p>\n<h3 id=\"gdpr-principes\">2. Principes de protection des donn\u00e9es<\/h3>\n<p>Nous nous engageons \u00e0 respecter les principes de protection des donn\u00e9es suivants :<\/p>\n<ul>\n<li>Le traitement est l\u00e9gal, juste, transparent. Nos activit\u00e9s de traitement ont des motifs l\u00e9gitimes. Nous consid\u00e9rons toujours vos droits avant de traiter les donn\u00e9es personnelles. Nous vous fournirons des informations concernant le traitement sur demande.<\/li>\n<li>Le traitement est limit\u00e9 \u00e0 l&rsquo;objectif. Nos activit\u00e9s de traitement correspondent \u00e0 l&rsquo;objectif pour lequel les donn\u00e9es personnelles ont \u00e9t\u00e9 collect\u00e9es.<\/li>\n<li>Le traitement est effectu\u00e9 avec un minimum de donn\u00e9es. Nous collectons et traitons uniquement la quantit\u00e9 minimale de donn\u00e9es personnelles requises \u00e0 quelque fin que ce soit.<\/li>\n<li>Le traitement est limit\u00e9 avec une p\u00e9riode de temps. Nous ne conserverons pas vos donn\u00e9es personnelles plus longtemps que n\u00e9cessaire.<\/li>\n<li>Nous ferons de notre mieux pour assurer l&rsquo;exactitude des donn\u00e9es.<\/li>\n<li>Nous ferons de notre mieux pour assurer l&rsquo;int\u00e9grit\u00e9 et la confidentialit\u00e9 des donn\u00e9es.<\/li>\n<\/ul>\n<h3 id=\"gdpr-rights\">3. Droits du propri\u00e9taire des donn\u00e9es<\/h3>\n<p>Le propri\u00e9taire des donn\u00e9es a les droits suivants :<\/p>\n<ol>\n<li>Droit \u00e0 l&rsquo;information &#8211; ce qui signifie que vous devez savoir si vos donn\u00e9es personnelles sont en cours de traitement, quelles sont les donn\u00e9es collect\u00e9es, d&rsquo;o\u00f9 elles proviennent et pourquoi et par qui elles sont trait\u00e9es.<\/li>\n<li>Droit d&rsquo;acc\u00e8s &#8211; ce qui signifie que vous avez le droit d&rsquo;acc\u00e9der aux donn\u00e9es collect\u00e9es de \/ \u00e0 votre sujet. Cela inclut votre droit de demander et d&rsquo;obtenir une copie de vos donn\u00e9es personnelles recueillies.<\/li>\n<li>Droit de rectification &#8211; ce qui signifie que vous avez le droit de demander la rectification ou l&rsquo;effacement de vos donn\u00e9es personnelles qui sont inexactes ou incompl\u00e8tes.<\/li>\n<li>Droit d&rsquo;effacement (ou droit \u00e0 l&rsquo;oubli) &#8211; ce qui signifie que dans certaines circonstances, vous pouvez demander que vos donn\u00e9es personnelles soient effac\u00e9es de nos archives.<\/li>\n<li>Droit de restreindre le traitement &#8211; signifiant que certaines conditions s&rsquo;appliquent, vous avez le droit de restreindre le traitement de vos donn\u00e9es personnelles.<\/li>\n<li>Droit d&rsquo;opposition au traitement &#8211; ce qui signifie dans certains cas que vous avez le droit de vous opposer au traitement de vos donn\u00e9es personnelles, par exemple dans le cas du marketing direct.<\/li>\n<li>Droit de s&rsquo;opposer au traitement automatis\u00e9 &#8211; ce qui signifie que vous avez le droit de vous opposer au traitement automatis\u00e9, y compris le profilage ; et ne pas \u00eatre soumis \u00e0 une d\u00e9cision bas\u00e9e uniquement sur le traitement automatis\u00e9. Ce droit, vous pouvez l&rsquo;exercer chaque fois qu&rsquo;il y a un r\u00e9sultat du profilage qui produit des effets juridiques concernant ou vous affectant de mani\u00e8re significative.<\/li>\n<li>Droit \u00e0 la portabilit\u00e9 des donn\u00e9es &#8211; vous avez le droit d&rsquo;obtenir vos donn\u00e9es personnelles dans un format lisible par machine ou, si cela est faisable, comme un transfert direct d&rsquo;un processeur \u00e0 un autre.<\/li>\n<li>Droit de d\u00e9poser une plainte &#8211; dans le cas o\u00f9 nous refusons votre demande en vertu des droits d&rsquo;acc\u00e8s, nous vous fournirons une raison pour laquelle. Si vous n&rsquo;\u00eates pas satisfait de la mani\u00e8re dont votre demande a \u00e9t\u00e9 trait\u00e9e, veuillez nous contacter.<\/li>\n<li>Droit \u00e0 l&rsquo;aide de l&rsquo;autorit\u00e9 de surveillance\u00a0\u2013 ce qui signifie que vous avez le droit \u00e0 l&rsquo;aide d&rsquo;une autorit\u00e9 de surveillance et le droit d&rsquo;autres recours juridiques tels que r\u00e9clamer des dommages-int\u00e9r\u00eats.<\/li>\n<li>Droit de retirer votre consentement &#8211; vous avez le droit de retirer tout consentement donn\u00e9 pour le traitement de vos donn\u00e9es personnelles.<\/li>\n<\/ol>\n<h3 id=\"gdpr-information\">4. Donn\u00e9es que nous recueillons<\/h3>\n<p><strong>Informations que vous nous avez fournies<\/strong><br \/>\nCela peut \u00eatre votre adresse e-mail, votre nom, votre adresse de facturation, votre adresse personnelle, etc., principalement les informations n\u00e9cessaires pour vous fournir un produit \/ service ou pour am\u00e9liorer votre exp\u00e9rience client. Nous enregistrons les informations que vous nous fournissez afin que vous puissiez commenter ou effectuer d&rsquo;autres activit\u00e9s sur le site Web. Ces informations incluent, par exemple, votre nom et votre adresse e-mail.<\/p>\n<p><strong>Informations collect\u00e9es automatiquement \u00e0 votre sujet<\/strong><br \/>\nCeci inclut les informations stock\u00e9es automatiquement par les cookies et autres outils de session. Par exemple, les informations de votre panier, votre adresse IP, votre historique d&rsquo;achat (le cas \u00e9ch\u00e9ant), etc. Ces informations sont utilis\u00e9es pour am\u00e9liorer votre exp\u00e9rience client. Lorsque vous utilisez nos services ou que vous consultez le contenu de notre site Web, vos activit\u00e9s peuvent \u00eatre consign\u00e9es.<\/p>\n<p><strong>Informations provenant de nos partenaires<\/strong><br \/>\nSans objet.<\/p>\n<p><strong>Informations accessibles au public<\/strong><br \/>\nNous pouvons collecter des informations \u00e0 votre sujet qui sont publiquement disponibles.<\/p>\n<h3 id=\"gdpr-processing\">5. Comment utilisons-nous vos donn\u00e9es personnelles ?<\/h3>\n<p>Nous utilisons vos donn\u00e9es personnelles pour :<\/p>\n<ul>\n<li>Vous fournir nos services. Ceci inclut par exemple l&rsquo;enregistrement de votre compte; vous fournir d&rsquo;autres produits et services que vous avez demand\u00e9s; vous fournir des articles promotionnels \u00e0 votre demande et communiquer avec vous relativement \u00e0 ces produits et services; communiquer et interagir avec vous; et vous informer des changements apport\u00e9s aux services.<\/li>\n<li>Am\u00e9liorer votre exp\u00e9rience client<\/li>\n<li>Remplir une obligation l\u00e9gale ou contractuelle<\/li>\n<\/ul>\n<p>Nous utilisons vos donn\u00e9es personnelles pour des motifs l\u00e9gitimes et \/ ou avec votre consentement.<\/p>\n<p>En raison de la conclusion d&rsquo;un contrat ou de l&rsquo;ex\u00e9cution d&rsquo;obligations contractuelles, nous traitons vos donn\u00e9es personnelles aux fins suivantes :<\/p>\n<ul>\n<li>Pour vous identifier<\/li>\n<li>Pour vous fournir ou vous offrir des produits ou services<\/li>\n<li>Pour communiquer avec vous, que ce soit pour la vente ou la facturation de nos produits ou services ou pour vous transmettre des informations<\/li>\n<\/ul>\n<p>Sur la base d&rsquo;un int\u00e9r\u00eat l\u00e9gitime, nous traitons vos donn\u00e9es personnelles aux fins suivantes :<\/p>\n<ul>\n<li>Pour vous envoyer des offres personnalis\u00e9es* (de notre part et \/ ou de nos partenaires soigneusement s\u00e9lectionn\u00e9s)<\/li>\n<li>Administrer et analyser notre client\u00e8le (comportement d&rsquo;achat et historique) afin d&rsquo;am\u00e9liorer la qualit\u00e9, la vari\u00e9t\u00e9 et la disponibilit\u00e9 des produits \/ services offerts \/ fournis;<\/li>\n<li>Mener des enqu\u00eates sur la satisfaction de nos clients;<\/li>\n<\/ul>\n<p>Tant que vous ne nous avez pas inform\u00e9s autrement, nous envisageons de vous proposer des produits \/ services similaires ou identiques \u00e0 votre historique d&rsquo;achat \/ comportement de navigation pour \u00eatre notre int\u00e9r\u00eat l\u00e9gitime.<\/p>\n<p>Avec votre consentement, nous traitons vos donn\u00e9es personnelles aux fins suivantes :<\/p>\n<ul>\n<li>Vous envoyer des bulletins d&rsquo;information et des offres commerciales (de notre part et \/ ou de nos partenaires soigneusement s\u00e9lectionn\u00e9s)<\/li>\n<li>R\u00e9pondre \u00e0 vos sollicitations sur nos produits et services<\/li>\n<\/ul>\n<p>Nous traitons vos donn\u00e9es personnelles afin de remplir les obligations d\u00e9coulant de la loi et \/ ou utiliser vos donn\u00e9es personnelles pour les options pr\u00e9vues par la loi. Nous nous r\u00e9servons le droit d&rsquo;anonymiser les donn\u00e9es personnelles recueillies et d&rsquo;utiliser ces donn\u00e9es. Nous n&rsquo;utiliserons des donn\u00e9es en dehors du champ d&rsquo;application de cette politique que si elles sont anonymis\u00e9es. Nous conservons vos informations de facturation et autres informations recueillies \u00e0 votre sujet aussi longtemps que n\u00e9cessaire \u00e0 des fins comptables ou d&rsquo;autres obligations d\u00e9coulant de la loi, dans la limite de 3 ans maximum.<\/p>\n<p>Nous pourrions traiter vos donn\u00e9es personnelles \u00e0 d&rsquo;autres fins qui ne sont pas mentionn\u00e9es ici, mais qui sont compatibles avec l&rsquo;objectif initial pour lequel les donn\u00e9es ont \u00e9t\u00e9 collect\u00e9es. Pour ce faire, nous veillerons \u00e0 ce que :<\/p>\n<ul>\n<li>Le lien entre les finalit\u00e9s, le contexte et la nature des donn\u00e9es personnelles est adapt\u00e9 \u00e0 un traitement ult\u00e9rieur;<\/li>\n<li>Le traitement ult\u00e9rieur ne nuirait pas \u00e0 vos int\u00e9r\u00eats et<\/li>\n<li>Il y aurait une sauvegarde appropri\u00e9e pour le traitement.<\/li>\n<\/ul>\n<p>Nous vous informerons de tout traitement ult\u00e9rieur et ces fins.<\/p>\n<h3 id=\"gdpr-sharing\">6. Qui d&rsquo;autre peut acc\u00e9der \u00e0 vos donn\u00e9es personnelles ?<\/h3>\n<p>Nous ne partageons pas vos donn\u00e9es personnelles avec des \u00e9trangers. Dans certains cas, des donn\u00e9es personnelles vous concernant sont fournies \u00e0 nos partenaires de confiance afin de vous permettre de vous fournir le service ou d&rsquo;am\u00e9liorer votre exp\u00e9rience client.<\/p>\n<p>Nous travaillons uniquement avec des partenaires de traitement capables d&rsquo;assurer un niveau ad\u00e9quat de protection de vos donn\u00e9es personnelles. Nous divulguons vos donn\u00e9es personnelles \u00e0 des tiers ou \u00e0 des fonctionnaires lorsque nous sommes l\u00e9galement tenus de le faire. Nous pourrions divulguer vos donn\u00e9es personnelles \u00e0 des tiers si vous y avez consenti ou s&rsquo;il existe d&rsquo;autres motifs l\u00e9gaux.<\/p>\n<h3 id=\"gdpr-security\">7. Comment nous s\u00e9curisons vos donn\u00e9es ?<\/h3>\n<p>Nous faisons de notre mieux pour prot\u00e9ger vos donn\u00e9es personnelles. Nous utilisons des protocoles s\u00e9curis\u00e9s pour la communication et le transfert de donn\u00e9es (tel que HTTPS). Nous utilisons l&rsquo;anonymisation et le pseudonymage lorsque cela est appropri\u00e9. Nous surveillons nos syst\u00e8mes pour d\u00e9tecter d&rsquo;\u00e9ventuelles vuln\u00e9rabilit\u00e9s et attaques.<\/p>\n<p>M\u00eame si nous faisons de notre mieux, nous ne pouvons pas garantir la s\u00e9curit\u00e9 de l&rsquo;information. Cependant, nous nous engageons \u00e0 informer les autorit\u00e9s comp\u00e9tentes des violations de donn\u00e9es. Nous vous aviserons \u00e9galement s&rsquo;il existe une menace pour vos droits ou int\u00e9r\u00eats. Nous ferons tout ce qui est raisonnablement possible pour pr\u00e9venir les violations de la s\u00e9curit\u00e9 et aider les autorit\u00e9s en cas de violation.<br \/>\nSi vous avez un compte chez nous, notez que vous devez garder votre nom d&rsquo;utilisateur et votre mot de passe secrets.<\/p>\n<h3 id=\"gdpr-enfants\">8. Enfants<\/h3>\n<p>Nous n&rsquo;avons pas l&rsquo;intention de recueillir ou sciemment recueillir des informations aupr\u00e8s des enfants. Nous ne ciblons pas les enfants avec nos services.<\/p>\n<h3 id=\"gdpr-cookies\">9. Cookies et autres technologies que nous utilisons<\/h3>\n<p>WNous utilisons des cookies et \/ ou des technologies similaires pour analyser le comportement des clients, administrer le site Web, suivre les mouvements des utilisateurs et collecter des informations sur les utilisateurs. Ceci est fait afin de personnaliser et d&rsquo;am\u00e9liorer votre exp\u00e9rience avec nous.<\/p>\n<p>Un cookie est un petit fichier texte stock\u00e9 sur votre ordinateur. Les cookies stockent les informations utilis\u00e9es pour aider \u00e0 faire fonctionner les sites. Seulement nous pouvons acc\u00e9der aux cookies cr\u00e9\u00e9s par notre site Web. Vous pouvez contr\u00f4ler vos cookies au niveau du navigateur. Choisir de d\u00e9sactiver les cookies peut vous emp\u00eacher d&rsquo;utiliser certaines fonctions.<\/p>\n<p><strong>Nous utilisons des cookies aux fins suivantes :<\/strong><\/p>\n<ul>\n<li>Cookies n\u00e9cessaires : ces cookies sont n\u00e9cessaires pour que vous puissiez utiliser certaines fonctionnalit\u00e9s importantes sur notre site Web, telles que la connexion. Ces cookies ne collectent aucune information personnelle.<\/li>\n<li>Cookies de fonctionnalit\u00e9 : ces cookies fournissent des fonctionnalit\u00e9s qui rendent l&rsquo;utilisation de notre service plus pratique et permettent d&rsquo;offrir des fonctionnalit\u00e9s plus personnalis\u00e9es. Par exemple, ils peuvent se souvenir de votre nom et de votre adresse e-mail dans des formulaires de commentaire. Vous n&rsquo;avez donc pas besoin de ressaisir cette information la prochaine fois que vous commentez.<\/li>\n<li>Cookies analytiques: ces cookies sont utilis\u00e9s pour suivre l&rsquo;utilisation et les performances de notre site Web et de nos services.<\/li>\n<li>Cookies publicitaires: ces cookies sont utilis\u00e9s pour diffuser des publicit\u00e9s pertinentes pour vous et vos int\u00e9r\u00eats. En outre, ils sont utilis\u00e9s pour limiter le nombre de fois que vous voyez une publicit\u00e9. Ils sont g\u00e9n\u00e9ralement plac\u00e9s sur le site Web par des r\u00e9seaux publicitaires avec la permission de l&rsquo;op\u00e9rateur du site. Ces cookies se souviennent que vous avez visit\u00e9 un site Web et que ces informations sont partag\u00e9es avec d&rsquo;autres organisations telles que les annonceurs. Souvent, les cookies de ciblage ou de publicit\u00e9 seront li\u00e9s aux fonctionnalit\u00e9s du site fournies par l&rsquo;autre organisation.<\/li>\n<\/ul>\n<p>Vous pouvez supprimer les cookies stock\u00e9s dans votre ordinateur via les param\u00e8tres de votre navigateur. Vous pouvez \u00e9galement contr\u00f4ler certains cookies tiers en utilisant une plate-forme d&rsquo;am\u00e9lioration de la confidentialit\u00e9, telle que <a href=\"http:\/\/optout.aboutads.info\/#!\/\" target=\"_blank\" rel=\"noopener\">optout.aboutads.info<\/a> ou <a href=\"http:\/\/www.youronlinechoices.com\/\" target=\"_blank\" rel=\"noopener\">youronlinechoices.com<\/a>. Pour plus d&rsquo;informations sur les cookies, visitez <a href=\"http:\/\/www.allaboutcookies.org\" target=\"_blank\" rel=\"noopener\">allaboutcookies.org<\/a>.<\/p>\n<p>Nous utilisons Google Analytics pour mesurer le trafic sur notre site Web. Google a sa propre politique de confidentialit\u00e9 que vous pouvez consulter <a href=\"https:\/\/support.google.com\/analytics\/answer\/6004245\" target=\"_blank\" rel=\"noopener\">ici<\/a> . Si vous souhaitez d\u00e9sactiver le suivi par Google Analytics, consultez la <a href=\"https:\/\/support.google.com\/analytics\/answer\/6004245\" target=\"_blank\" rel=\"noopener\">ici<\/a>. Si vous souhaitez d\u00e9sactiver le tracking Google Analytics, visitez la <a href=\"https:\/\/tools.google.com\/dlpage\/gaoptout\" target=\"_blank\" rel=\"noopener\">page de d\u00e9sactivation de Google Analytics<\/a>.<\/p>\n<h3 id=\"gdpr-forget\">10. Acc\u00e8s \u00e0 mes informations personnelles \/ Droit \u00e0 l&rsquo;oubli<\/h3>\n<p>Conform\u00e9ment aux dispositions europ\u00e9enne <a href=\"http:\/\/eur-lex.europa.eu\/legal-content\/FR\/TXT\/?uri=CELEX%3A32016R0679\" target=\"_blank\" rel=\"noopener\">GDPR<\/a> (General Data Protection Regulation), vous pouvez acc\u00e9der \u00e0 vos donn\u00e9es personnelles et les supprimer totalement en cliquant sur le lien ci-dessous.<br \/>\n[vc_empty_space height=\u00a0\u00bb20px\u00a0\u00bb]<style type=\"text\/css\" data-type=\"the7_shortcodes-inline-css\">#default-btn-91b4316897e941f6e4670c56accb4cb8.ico-right-side > i {\n  margin-right: 0px;\n  margin-left: 8px;\n}\n#default-btn-91b4316897e941f6e4670c56accb4cb8 > i {\n  margin-right: 8px;\n}\n<\/style><a href=\"https:\/\/demo.oxicat.com\/donnees-personnelles\/\" class=\"default-btn-shortcode dt-btn dt-btn-m link-hover-off full-width-btn btn-inline-left \" id=\"default-btn-91b4316897e941f6e4670c56accb4cb8\"><span>G\u00e9rer mes donn\u00e9es personnelles<\/span><\/a>[vc_column_text]Vous pouvez \u00e9galement demander l&rsquo;envoi, la modification ou la suppression de vos donn\u00e9es personnelles en remplissant le formulaire ci-dessous.<br \/>\n<p class=\"gform_not_found\">Oups\u00a0! Nous n\u2019avons pas retrouv\u00e9 votre formulaire.<\/p><\/p>\n<h3 id=\"gdpr-contact\">11. Informations de contact<\/h3>\n<p>Pour toute question \u00e0 propos de cette politique de confidentialit\u00e9, vous pouvez trouver nos coordonn\u00e9es dans la page des <a href=\"https:\/\/www.oxicat.com\/mentions-legales\">mentions l\u00e9gales<\/a>.<\/p>\n<h3 id=\"gdpr-changes\">12. Modifications de cette politique de confidentialit\u00e9<\/h3>\n<p>Nous nous r\u00e9servons le droit d&rsquo;apporter des modifications \u00e0 cette politique de confidentialit\u00e9.<br \/>\nDerni\u00e8re modification 02 mai 2018.<\/p>\n","protected":false},"excerpt":{"rendered":"<p>OXICAT s&rsquo;engage \u00e0 prot\u00e9ger votre vie priv\u00e9e. Contactez-nous si vous avez des questions ou des probl\u00e8mes concernant l&rsquo;utilisation de vos donn\u00e9es personnelles, nous nous ferons un plaisir de vous aider. En utilisant ce site ou \/ et nos services, vous acceptez le traitement de vos donn\u00e9es personnelles tel que d\u00e9crit dans cette politique de confidentialit\u00e9.&hellip;<\/p>\n","protected":false},"author":1,"featured_media":0,"parent":0,"menu_order":0,"comment_status":"closed","ping_status":"closed","template":"","meta":{"footnotes":""},"class_list":["post-3","page","type-page","status-publish","hentry","description-off"],"_links":{"self":[{"href":"https:\/\/demo.oxicat.com\/tennis-live-scores\/wp-json\/wp\/v2\/pages\/3","targetHints":{"allow":["GET"]}}],"collection":[{"href":"https:\/\/demo.oxicat.com\/tennis-live-scores\/wp-json\/wp\/v2\/pages"}],"about":[{"href":"https:\/\/demo.oxicat.com\/tennis-live-scores\/wp-json\/wp\/v2\/types\/page"}],"author":[{"embeddable":true,"href":"https:\/\/demo.oxicat.com\/tennis-live-scores\/wp-json\/wp\/v2\/users\/1"}],"replies":[{"embeddable":true,"href":"https:\/\/demo.oxicat.com\/tennis-live-scores\/wp-json\/wp\/v2\/comments?post=3"}],"version-history":[{"count":3,"href":"https:\/\/demo.oxicat.com\/tennis-live-scores\/wp-json\/wp\/v2\/pages\/3\/revisions"}],"predecessor-version":[{"id":7143,"href":"https:\/\/demo.oxicat.com\/tennis-live-scores\/wp-json\/wp\/v2\/pages\/3\/revisions\/7143"}],"wp:attachment":[{"href":"https:\/\/demo.oxicat.com\/tennis-live-scores\/wp-json\/wp\/v2\/media?parent=3"}],"curies":[{"name":"wp","href":"https:\/\/api.w.org\/{rel}","templated":true}]}}